Does 19 divide 266?
True
Does 2 divide 1566?
True
Is 45 a factor of 5672?
False
Is 3357 a multiple of 18?
False
Is 25 a factor of 712?
False
Does 10 divide 19090?
True
Does 18 divide 72?
True
Is 314 a factor of 64998?
True
Is 5 a factor of 1645?
True
Does 60 divide 12840?
True
Does 3 divide 498?
True
Does 103 divide 4635?
True
Is 70 a factor of 3415?
False
Is 60 a factor of 5352?
False
Does 4 divide 751?
False
Is 1911 a multiple of 13?
True
Is 47 a factor of 1442?
False
Is 28 a factor of 17500?
True
Is 16 a factor of 6006?
False
Is 24476 a multiple of 29?
True
Does 115 divide 22885?
True
Is 1107 a multiple of 56?
False
Does 17 divide 1904?
True
Is 833 a multiple of 7?
True
Is 11 a factor of 7304?
True
Is 126 a multiple of 21?
True
Is 4 a factor of 388?
True
Is 6309 a multiple of 5?
False
Is 1424 a multiple of 89?
True
Is 366 a multiple of 8?
False
Is 53 a factor of 1307?
False
Is 30 a factor of 35788?
False
Is 30 a factor of 11600?
False
Is 12 a factor of 1572?
True
Is 908 a multiple of 4?
True
Does 18 divide 26640?
True
Is 6 a factor of 84?
True
Is 64 a factor of 2836?
False
Is 20 a factor of 8180?
True
Is 2745 a multiple of 45?
True
Is 52 a factor of 3172?
True
Does 76 divide 5826?
False
Is 784 a multiple of 49?
True
Is 413 a multiple of 60?
False
Does 80 divide 10000?
True
Is 41 a factor of 1049?
False
Does 26 divide 338?
True
Does 172 divide 1334?
False
Is 5555 a multiple of 27?
False
Is 27 a factor of 20608?
False
Is 43 a factor of 2837?
False
Does 17 divide 26082?
False
Does 90 divide 3147?
False
Is 6460 a multiple of 48?
False
Is 8415 a multiple of 46?
False
Is 85 a factor of 30260?
True
Does 13 divide 888?
False
Is 1716 a multiple of 69?
False
Is 270 a multiple of 30?
True
Is 166 a multiple of 3?
False
Is 22 a factor of 1276?
True
Is 424 a multiple of 15?
False
Is 41025 a multiple of 25?
True
Is 63 a multiple of 9?
True
Is 8 a multiple of 8?
True
Is 43 a factor of 1462?
True
Is 56 a factor of 2520?
True
Does 13 divide 221?
True
Does 27 divide 28891?
False
Is 18 a multiple of 2?
True
Does 38 divide 60063?
False
Is 44 a factor of 44?
True
Does 17 divide 1785?
True
Does 2 divide 700?
True
Is 22859 a multiple of 54?
False
Does 12 divide 600?
True
Does 19 divide 3989?
False
Is 12 a factor of 21648?
True
Is 39354 a multiple of 14?
True
Is 53016 a multiple of 8?
True
Is 782 a multiple of 28?
False
Is 12 a factor of 627?
False
Is 75 a factor of 450?
True
Does 15 divide 450?
True
Is 77232 a multiple of 48?
True
Does 42 divide 869?
False
Is 5184 a multiple of 129?
False
Is 19 a factor of 133?
True
Does 14 divide 11662?
True
Is 12026 a multiple of 56?
False
Is 10760 a multiple of 40?
True
Does 5 divide 15005?
True
Is 3248 a multiple of 41?
False
Does 5 divide 1378?
False
Does 10 divide 234?
False
Does 3 divide 84?
True
Does 14 divide 3662?
False
Is 2428 a multiple of 4?
True
Is 45 a multiple of 2?
False
Is 187 a multiple of 18?
False
Does 20 divide 21099?
False
Is 672 a multiple of 28?
True
Does 127 divide 3711?
False
Does 9 divide 69953?
False
Does 11 divide 451?
True
Does 159 divide 1107?
False
Is 55 a factor of 3858?
False
Is 14 a factor of 849?
False
Is 2661 a multiple of 11?
False
Is 16339 a multiple of 8?
False
Is 2388 a multiple of 11?
False
Is 790 a multiple of 10?
True
Is 20 a factor of 7800?
True
Does 79 divide 15879?
True
Is 596 a multiple of 8?
False
Is 2 a factor of 488?
True
Is 29151 a multiple of 227?
False
Is 4632 a multiple of 8?
True
Is 5 a factor of 2259?
False
Is 2649 a multiple of 15?
False
Does 51 divide 981?
False
Is 98 a factor of 596?
False
Is 787 a multiple of 15?
False
Is 81 a factor of 12474?
True
Is 6 a factor of 8562?
True
Is 2516 a multiple of 34?
True
Is 1224 a multiple of 18?
True
Is 14 a factor of 2162?
False
Does 6 divide 2994?
True
Is 33 a factor of 5188?
False
Does 33 divide 27153?
False
Is 15 a factor of 80787?
False
Is 672 a multiple of 14?
True
Is 20574 a multiple of 7?
False
Is 7 a factor of 56?
True
Does 11 divide 11660?
True
Is 38 a factor of 9868?
False
Does 9 divide 12110?
False
Does 28 divide 29652?
True
Is 775 a multiple of 5?
True
Is 20 a factor of 2340?
True
Does 16 divide 27360?
True
Is 456 a multiple of 17?
False
Is 2115 a multiple of 47?
True
Is 159 a factor of 64859?
False
Is 5575 a multiple of 62?
False
Does 30 divide 15030?
True
Is 12 a factor of 2568?
True
Is 35 a factor of 1903?
False
Is 14 a factor of 812?
True
Is 605 a multiple of 11?
True
Is 1012 a multiple of 92?
True
Does 119 divide 13566?
True
Is 2 a factor of 254?
True
Does 7 divide 6681?
False
Is 28 a factor of 5129?
False
Does 38 divide 190?
True
Is 4 a factor of 3151?
False
Does 329 divide 15792?
True
Does 16 divide 4157?
False
Does 18 divide 2601?
False
Is 171 a multiple of 9?
True
Is 125804 a multiple of 18?
False
Is 56 a factor of 21060?
False
Is 2806 a multiple of 46?
True
Is 2795 a multiple of 147?
False
Does 88 divide 14938?
False
Is 5106 a multiple of 37?
True
Is 2 a factor of 79?
False
Is 9787 a multiple of 42?
False
Does 11 divide 222?
False
Does 10 divide 1441?
False
Is 50 a factor of 4497?
False
Is 5489 a multiple of 7?
False
Is 16 a factor of 61?
False
Is 3 a factor of 138?
True
Does 2 divide 134?
True
Does 22 divide 44066?
True
Does 249 divide 9960?
True
Is 130 a multiple of 7?
False
Is 7007 a multiple of 82?
False
Is 21 a factor of 32487?
True
Is 9 a factor of 169?
False
Is 5430 a multiple of 30?
True
Is 44016 a multiple of 21?
True
Is 1045 a multiple of 19?
True
Is 23 a factor of 64699?
True
Is 2960 a multiple of 80?
True
Does 23 divide 19780?
True
Does 137 divide 11234?
True
Is 60 a factor of 420?
True
Does 3 divide 397?
False
Is 84 a factor of 29891?
False
Is 2700 a multiple of 12?
True
Does 43 divide 15033?
False
Does 92 divide 460?
True
Is 84 a factor of 4704?
True
Does 12 divide 7452?
True
Is 7 a factor of 273?
True
Is 3077 a multiple of 16?
False
Does 26 divide 7530?
False
Is 759 a multiple of 11?
True
Does 29 divide 2080?
False
Is 62 a factor of 4092?
True
Is 5 a factor of 12905?
True
Is 2000 a multiple of 9?
False
Is 45290 a multiple of 70?
True
Does 26 divide 91260?
True
Does 24 divide 3923?
False
Is 14100 a multiple of 5?
True
Is 2024 a multiple of 23?
True
Does 7 divide 12225?
False
Does 7 divide 7061?
False
Is 14 a factor of 602?
True
Does 5 divide 5011?
False
Does 29 divide 2929?
True
Does 24 divide 1839?
False
Does 18 divide 18838?
False
Is 2204 a multiple of 27?
False
Does 88 divide 8360?
True
Does 17 divide 4063?
True
Is 2185 a multiple of 23?
True
Is 39260 a multiple of 52?
True
Does 42 divide 568?
False
Is 168 a multiple of 42?
True
Is 2149 a multiple of 8?
False
Is 540 a multiple of 10?
True
Does 309 divide 31348?
False
Is 6231 a multiple of 201?
True
Is 8 a factor of 6840?
True
Does 30 divide 6720?
True
Does 14 divide 39522?
True
Is 31 a factor of 1510?
False
Is 20 a factor of 4080?
True
Does 131 divide 7051?
False
Does 101 divide 2491?
False
Is 17155 a multiple of 18?
False
Does 48 divide 15951?
False
Does 15 divide 1980?
True
Does 14 divide 1512?
True
Is 37182 a multiple of 6?
True
Is 12 a factor of 516?
True
Does 132 divide 1619?
False
Is 5 a factor of 51?
False
Is 64780 a multiple of 395?
True
Does 24 divide 738?
False
Does 201 divide 13120?
False
Is 3 a factor of 1554?
True
Does 24 divide 1741?
False
Is 283 a multiple of 4?
False
Does 11 divide 2893?
True
Is 12 a factor of 179?
False
Is 31 a factor of 31?
True
Does 5 divide 6319?
False
Does 13 divide 656?
False
Is 20 a factor of 6460?
True
Is 102 a factor of 13045?
False
Is 736 a multiple of 46?
True
Is 98 a factor of 92218?
True
Is 7 a factor of 197?
False
Is 5 a factor of 9151?
False
Is 5652 a multiple of 73?
False
Does 36 divide 587?
False
Does 6 divide 2586?
True
Is 27 a factor of 31?
False
Is 19 a factor of 9823?
True
Is 5406 a multiple of 106?
True
Is 112 a factor of 11927?
False
Is 108 a factor of 3132?
True
Is 3310 a multiple of 62?
False
Is 8165 a multiple of 117?
False
Is 10 a factor of 66650?
True
Is 19 a factor of 2755?
True
Is 78 a multiple of 3?
True
Does 6 divide 138?
True
Is 6961 a multiple of 3?
False
Is 73816 a multiple of 146?
False
Is 1029 a multiple of 44?
False
Is 957 a multiple of 33?
True
Is 24 a factor of 1008?
True
Is 4130 a multiple of 7?
True
Is 862 a multiple of 31?
False
Is 40 a factor of 400?
True
Is 71 a 